nd b.
1
Suppose 2*f = 1 + 13. What is the highest common factor of f and 7?
7
Suppose 0 = 5*u - u - 20. Suppose -u*l = 4*q - 81, -4*l + 69 + 15 = 4*q. What is the greatest common divisor of 8 and q?
8
Let o(q) = q**2 - 3. Let c be o(-4). Calculate the highest common factor of 104 and c.
13
Let a = 41 + -21. Calculate the greatest common divisor of 5 and a.
5
Suppose -p + 2 = -13. Let s be 4 - ((-9)/3 + 1). What is the greatest common divisor of s and p?
3
Let k = 2 + 3. Suppose -2*o + k*t - 7 = 0, -o - 1 = -0*t - 2*t. Suppose -107 + 602 = 5*w. Calculate the highest common factor of o and w.
9
Suppose 0 = 3*y - 6. Suppose 0*i = y*i - 220. Suppose -4*z = -2*j + 44 - 4, 0 = -4*j - 2*z + i. Calculate the highest common factor of 13 and j.
13
Let n be (180/27)/((-2)/(-12)). Suppose 3*g - 9 + 0 = 0. Let z = 7 + g. Calculate the highest common factor of n and z.
10
Let y = -26 + 36. Let l(t) = 5*t - 15. Let h be l(8). Calculate the highest common divisor of h and y.
5
Suppose 4*d - 90 = -d. What is the greatest common divisor of 54 and d?
18
Suppose -7 + 19 = 2*c. Let f(n) = -n**3 + 6*n**2 - 5*n + 4. Let h be f(c). Let m = h - -41. What is the greatest common factor of 60 and m?
15
Let y = 4 - 1. Suppose -r + 91 = -y*k, 0*k + 251 = 3*r + 2*k. Calculate the greatest common divisor of r and 17.
17
Suppose 352 = -0*w - 4*w. Let b be (1 + -3)/(2/w). Suppose 0*n = -n + b. Calculate the greatest common factor of n and 11.
11
Let m(l) = l**2 + 5*l + 3. Let s be m(-6). Let q = -5 + s. Suppose 0 = 4*h - 5*z - 58, q*h + 0*z - 42 = -3*z. What is the highest common divisor of 12 and h?
12
Let n = 2 + 1. Let l be (18/(-12))/(6/(-8)). Let z(x) = 4*x**3 - 2*x**2 + x + 1. Let q be z(l). What is the highest common factor of n and q?
3
Suppose -2*p - 2*n + 209 = -3, -p - 2*n = -104. Calculate the highest common factor of p and 12.
12
Let y(d) = 2*d**2 - 10*d - 8. Let g be y(6). What is the greatest common divisor of 36 and g?
4
Let r be 136/10 + 14/35. What is the greatest common divisor of 98 and r?
14
Let o = -8 - -22. Suppose i - 6 + 1 = b, 0 = 5*i + 4*b - 43. Calculate the greatest common divisor of o and i.
7
Suppose -3*x - 3*f + 77 = -5*f, -45 = -2*x - 5*f. Suppose -x = -11*w + 6*w. What is the greatest common factor of w and 20?
5
Let v = 88 + -149. Let i = v + 133. What is the highest common divisor of i and 8?
8
Let c(b) = -b. Let w be c(-11). Suppose -3*h - 5*r = -5*h + 27, 3*r = 3*h - 36. Calculate the highest common factor of h and w.
11
Let g = -2 + 5. Let q be (-1)/(-1 - -2) + 25. Calculate the highest common factor of g and q.
3
Suppose -b + 2 = -0. Suppose -4 = -b*y + y. What is the greatest common factor of y and 10?
2
Suppose 5*d - 18 = 27. Let k be (12/d)/(2/15). Calculate the greatest common factor of 30 and k.
10
Let f = 4 + 6. Let w be -2 + (3 - 2) + 5. Suppose 5*n = -5*c + n + 242, -3*c + w*n = -158. Calculate the highest common factor of c and f.
10
Suppose 167 = 4*j + 3*v - 45, -2*v - 120 = -2*j. Let r = 3 - -4. What is the greatest common factor of r and j?
7
Let a = -19 - -19. Suppose -39 = -3*r - 3*x, -r = -a*r - 5*x + 11. Calculate the highest common divisor of r and 27.
9
Suppose -3*a - 5*t = -8*a + 575, -a + 2*t = -111. Calculate the greatest common divisor of a and 17.
17
Let l be ((-7)/(-14))/((-1)/(-4)). Suppose 3*t = -6, 1 = -g - t - l*t. What is the highest common factor of g and 10?
5
Suppose -3*n = -4*n + 55. What is the greatest common factor of 11 and n?
11
Let z(u) = u**2 + 4*u - 1. Let r be z(-6). Suppose -4*o - c + 33 = 0, -c - r = 2*o - 6*c. Calculate the greatest common divisor of o and 21.
7
Suppose -5*a + 84 + 36 = 0. Calculate the highest common factor of 120 and a.
24
Suppose -s + 5*r = 19, 3 + 1 = -4*s - 4*r. Let g(w) = w**2 + 4*w. Let x be g(s). Suppose x = 2*d - 0*d - 38. Calculate the highest common divisor of 133 and d.
19
Suppose 0 = 2*k, k - 23 = -3*p + 25. Let z = -6 + p. What is the highest common divisor of 50 and z?
10
Suppose -i = 2*i - 3. Let o be (-1 - i)*2/(-4). Calculate the highest common factor of 4 and o.
1
Suppose 0 = 4*k + 30 + 26. Let f = -13 - k. Calculate the highest common factor of 8 and f.
1
Let j(x) = 12*x. Let f be j(6). Let c = -43 + -1. Let o = c + 62. What is the highest common factor of f and o?
18
Let x(i) = -i**2 - 15*i - 8. Let w be x(-10). What is the greatest common divisor of w and 105?
21
Let j be 0 - ((1 - -11) + -1). Suppose 5*v + 34 = -1. Let h = v - j. What is the greatest common factor of h and 28?
4
Let p(k) = -k**3 + 6*k**2 + 6*k + 9. Let a be p(7). What is the greatest common factor of a and 6?
2
Let b be 3*3/9 + 3. Let f be 2/b - (-11)/2. Let o(m) = 2*m**2 + 2*m + 7. Let z be o(f). What is the highest common factor of z and 13?
13
Suppose 9 = -4*k + 25. Suppose -k*z = -18 - 6. What is the highest common factor of z and 66?
6
Suppose 3*n = -2*h + 8, 2*n + 4 = -3*h + 1. Let y(w) = -3*w - 1. Let o be y(-1). Let v be 0 - -43 - o/2. Calculate the greatest common divisor of n and v.
6
Let p = -1 + 43. Calculate the highest common divisor of 21 and p.
21
Suppose 0 = -f - m - 13, 3*f + 2*f = 2*m - 44. Let a = 44 + f. Suppose -3*z - 3*s - 11 = -47, -3*z - 5*s = -a. Calculate the greatest common factor of 13 and z.
13
Suppose 0 = -0*t + 5*t - 10. Suppose -t*u = -a - a - 10, a = -u - 1. What is the greatest common factor of 4 and u?
2
Let j(u) = -2*u + 2. Let z be j(-6). Let c be ((-4)/(-10))/(7/(-140)). Let o(y) = -7*y. Let i be o(c). What is the highest common divisor of z and i?
14
Suppose -161 = -7*p + 280. What is the highest common factor of 7 and p?
7
Let y be (-4)/(-5) - (3 + (-31)/5). What is the greatest common factor of 22 and y?
2
Suppose -22 = 3*x - 37. Calculate the highest common factor of x and 5.
5
Suppose 0*q = -4*q. Suppose -2*u + q + 10 = 0. Suppose -5*w = -8*w + 135. Calculate the highest common factor of w and u.
5
Let z be (-1)/(-3) + 20/3. Let q be -4*(-3 - 2/4). What is the greatest common factor of z and q?
7
Let j be (-4)/(-14) - 668/(-14). Let p(c) = c**3 + 10*c**2 + 16*c - 3. Let r be p(-7). What is the greatest common divisor of r and j?
16
Let u(n) = -n**3 - 7*n**2 - 7*n - 6. Let k be u(-6). Suppose 0 = -5*a - 2*q - 0*q + 400, k = 4*a + 5*q - 320. What is the highest common factor of 20 and a?
20
Suppose 3520 = x + 4*x. Suppose -x = -t - 3*t. What is the greatest common factor of 16 and t?
16
Suppose -2 = 2*j - 5*f, -2*j = -0*j - 3*f - 6. Calculate the highest common factor of 27 and j.
9
Suppose -29 = -3*z - 5. Let l(c) = c**2 - 8*c - 5. Let m be l(9). Calculate the highest common divisor of m and z.
4
Suppose -3*y + 192 = y. Let m(n) = 2*n**2 - 6*n + 4. Let x be m(4). Calculate the greatest common factor of y and x.
12
Suppose -5*c = v + 13, -v - 17 = -5*v + 3*c. What is the highest common factor of 18 and v?
2
Let h be -15*(-4)/(-1 - (-25)/19). Let g = 26 + -7. Calculate the highest common factor of g and h.
19
Let y(t) = -t**3 + 14*t**2 - 8*t - 2. Let g be y(13). Calculate the highest common factor of 42 and g.
21
Let j(k) = 2*k**2 + 9*k + 8. Let m be j(-5). Calculate the highest common factor of 143 and m.
13
Let q be ((-8)/(-5))/(6/75). Suppose -3*p - 39 = 3*b, -3*p - 71 = 5*b - p. Let v be (q/b)/((-2)/15). Calculate the highest common divisor of v and 10.
10
Let g be 6*(-2 - 14/(-4)). Let q be ((-3)/g)/((-4)/180). What is the highest common divisor of q and 3?
3
Let b(y) = 10*y**2 + 2*y - 1. Let v = 16 - 15. Let z be b(v). What is the highest common divisor of z and 99?
11
Suppose 5*q + 4 = -g, 1 = -2*q + 3*q + 2*g. Let t = q + 19. What is the greatest common divisor of 72 and t?
18
Let g(s) = -s**3 + 11*s**2 - 6*s - 3. Let d be g(9). Calculate the highest common divisor of d and 15.
15
Let r be 15 + 2/(2 - 0). Let b = -1121 - -1825. Suppose -j - b = -5*j. Calculate the greatest common divisor of j and r.
16
Let g = -4 + 6. Suppose -g*b + 0 = 4*h - 18, 4*b = -4. Calculate the highest common factor of h and 15.
5
Let h(u) = u**2 - 2*u - 3*u + 1 - 2*u**2 + 6*u. Let v be h(-2). Let o = 10 + v. Calculate the greatest common factor of o and 40.
5
Suppose 5*b + 4*f - 190 = 0, 4*f = b - f - 38. Suppose y + b = 3*c, 2*c - y - 6 = 20. What is the highest common factor of 6 and c?
6
Let u = -4 + 8. Suppose 4*z = -u, 0 = 2*x - 0*x + 4*z - 56. What is 